millions digit of 1225282409?
5
What is the units digit of 16109388?
8
What is the hundred thousands digit of 48373253?
3
What is the hundred thousands digit of 483399271?
3
What is the tens digit of 694929671?
7
What is the units digit of 216100512?
2
What is the hundred thousands digit of 62658070?
6
What is the units digit of 7576947?
7
What is the hundreds digit of 339474543?
5
What is the units digit of 42125655?
5
What is the units digit of 183201867?
7
What is the hundred thousands digit of 84053494?
0
What is the hundreds digit of 601677493?
4
What is the hundred thousands digit of 371379542?
3
What is the tens digit of 6311328070?
7
What is the tens digit of 623112146?
4
What is the ten thousands digit of 5929968081?
6
What is the tens digit of 263059297?
9
What is the ten millions digit of 1114231693?
1
What is the thousands digit of 6032404801?
4
What is the units digit of 159003946?
6
What is the thousands digit of 50523272?
3
What is the hundred thousands digit of 399143400?
1
What is the units digit of 92682935?
5
What is the thousands digit of 1989695711?
5
What is the ten millions digit of 196790645?
9
What is the ten thousands digit of 1121944082?
4
What is the millions digit of 13507679?
3
What is the thousands digit of 414953152?
3
What is the billions digit of 2910546817?
2
What is the hundred thousands digit of 6866834365?
8
What is the billions digit of 1174030299?
1
What is the hundreds digit of 56298568?
5
What is the tens digit of 3475768333?
3
What is the ten millions digit of 415494456?
1
What is the units digit of 204741281?
1
What is the thousands digit of 1277364583?
4
What is the ten millions digit of 39573154?
3
What is the hundreds digit of 84198124?
1
What is the ten thousands digit of 31978275?
7
What is the hundred millions digit of 159275600?
1
What is the ten millions digit of 2973054900?
7
What is the tens digit of 146268041?
4
What is the billions digit of 1406723546?
1
What is the hundreds digit of 2201858530?
5
What is the hundred thousands digit of 179980160?
9
What is the ten millions digit of 29844479?
2
What is the hundred millions digit of 6755248883?
7
What is the millions digit of 241493185?
1
What is the millions digit of 1290231276?
0
What is the ten thousands digit of 412019197?
1
What is the hundred millions digit of 2760306040?
7
What is the millions digit of 1101784107?
1
What is the millions digit of 57121818?
7
What is the hundred thousands digit of 1303457?
3
What is the tens digit of 2481597635?
3
What is the ten millions digit of 146709138?
4
What is the units digit of 725694879?
9
What is the units digit of 154895400?
0
What is the ten thousands digit of 224931706?
3
What is the hundred thousands digit of 37453818?
4
What is the tens digit of 87114586?
8
What is the thousands digit of 76200348?
0
What is the hundred millions digit of 5239165997?
2
What is the ten thousands digit of 2680113532?
1
What is the units digit of 2797857233?
3
What is the hundreds digit of 957163448?
4
What is the ten millions digit of 27330566?
2
What is the units digit of 1397945442?
2
What is the units digit of 66706174?
4
What is the ten thousands digit of 3050801117?
0
What is the thousands digit of 18180264?
0
What is the ten thousands digit of 4869025106?
2
What is the thousands digit of 86569433?
9
What is the tens digit of 44002891?
9
What is the ten millions digit of 33772969?
3
What is the ten millions digit of 73489294?
7
What is the units digit of 163482301?
1
What is the millions digit of 2607449058?
7
What is the hundred thousands digit of 17241092?
2
What is the hundred thousands digit of 50498924?
4
What is the units digit of 561211520?
0
What is the thousands digit of 450791602?
1
What is the units digit of 396535346?
6
What is the thousands digit of 2034195088?
5
What is the millions digit of 144206515?
4
What is the billions digit of 5018150125?
5
What is the thousands digit of 39956957?
6
What is the hundred thousands digit of 55269225?
2
What is the hundreds digit of 200588290?
2
What is the units digit of 171672117?
7
What is the thousands digit of 3380009?
0
What is the hundreds digit of 21085387?
3
What is the hundred thousands digit of 14921080?
9
What is the hundreds digit of 90182784?
7
What is the thousands digit of 120026804?
6
What is the hundreds digit of 953439685?
6
What is the hundred millions digit of 3596478227?
5
What is the hundred millions digit of 416626132?
4
What is the hundreds digit of 128350677?
6
What is the ten thousands digit of 48170215?
7
What is the units digit of 3728701495?
5
What is the hundred thousands digit of 1865016141?
0
What is the ten millions digit of 27257233?
2
What is the ten thousands digit of 1968040033?
4
What is the ten thousands digit of 13000920?
0
What is the hundred thousands digit of 226648901?
6
What is the ten millions digit of 312645359?
1
What is the units digit of 85660085?
5
What is the hundred millions digit of 117344990?
1
What is the millions digit of 358271829?
8
What is the thousands digit of 1383164520?
4
What is the ten thousands digit of 134622179?
2
What is the thousands digit of 64010884?
0
What is the hundred millions digit of 676178863?
6
What is the thousands digit of 29529231?
9
What is the millions digit of 33864500?
3
What is the hundred millions digit of 1316351606?
3
What is the tens digit of 84255925?
2
What is the ten thousands digit of 582630482?
3
What is the hundred thousands digit of 12540542?
5
What is the hundreds digit of 253909266?
2
What is the tens digit of 259840286?
8
What is the billions digit of 1562446629?
1
What is the thousands digit of 2596931976?
1
What is the thousands digit of 172772584?
2
What is the millions digit of 33241443?
3
What is the thousands digit of 14825718?
5
What is the millions digit of 198036291?
8
What is the units digit of 1659655252?
2
What is the hundred thousands digit of 127004075?
0
What is the billions digit of 1713576833?
1
What is the units digit of 66828172?
2
What is the ten thousands digit of 1168533703?
3
What is the hundred thousands digit of 184710402?
7
What is the millions digit of 3195359929?
5
What is the hundred millions digit of 124646606?
1
What is the hundreds digit of 1176023534?
5
What is the hundred millions digit of 252218456?
2
What is the hundreds digit of 50953095?
0
What is the ten millions digit of 126291488?
2
What is the hundred thousands digit of 188729615?
7
What is the ten thousands digit of 6945094?
4
What is the units digit of 132144183?
3
What is the hundred millions digit of 443365012?
4
What is the millions digit of 80298397?
0
What is the ten thousands digit of 79406800?
0
What is the units digit of 2836420247?
7
What is the ten thousands digit of 546911229?
1
What is the tens digit of 1106003573?
7
What is the units digit of 163037501?
1
What is the hundred millions digit of 573794043?
5
What is the hundreds digit of 91935655?
6
What is the thousands digit of 181556727?
6
What is the ten thousands digit of 66386827?
8
What is the hundreds digit of 74861134?
1
What is the hundred millions digit of 2861151015?
8
What is the millions digit of 216098768?
6
What is the ten millions digit of 123308179?
2
What is the ten thousands digit of 648549507?
4
What is the ten millions digit of 34093264?
3
What is the units digit of 43081428?
8
What is the tens digit of 585766888?
8
What is the hundreds digit of 4417703667?
6
What is the hundred thousands digit of 278166?
2
What is the hundreds digit of 367812758?
7
What is the ten thousands digit of 231368333?
6
What is the ten thousands digit of 110646665?
4
What is the tens digit of 251209872?
7
What is the units digit of 250379785?
5
What is the ten millions digit of 23233799?
2
What is the thousands digit of 859825351?
5
What is the ten thousands digit of 1976734228?
3
What is the units digit of 74304433?
3
What is the tens digit of 7147433202?
0
What is the hundred thousands digit of 102358118?
3
What is the hundred millions digit of 4030990029?
0
What is the ten millions digit of 21443107?
2
What is the billions digit of 1297983108?
1
What is the thousands digit of 118422100?
2
What is the millions digit of 104108489?
4
What is the tens digit of 97441?
4
What is the millions digit